 108.
27
Let g = 8792 + -8042. Calculate the highest common factor of g and 390.
30
Let s = -2815 + 3015. What is the highest common divisor of 160 and s?
40
Let g be (20/(-16))/((-1)/40). Let a = g + -36. Suppose -2*d + 226 - 7 = -i, 4*d - 433 = 3*i. What is the greatest common factor of a and d?
14
Let m be 2/16 - (-1113)/56. Let t be 224/m - (-2)/(-10). What is the highest common factor of 110 and t?
11
Let j be (16/(-24))/(2/(-16)*(-68)/(-3978)). What is the greatest common divisor of j and 3312?
24
Let v = -11876 - -19830. Calculate the greatest common divisor of v and 291.
97
Let s = 47290 - 33420. Calculate the greatest common factor of s and 152.
38
Let u = 4 + 2. Let m(j) = 5*j - 26. Let g be m(u). Let x be 52/6 + (g - 22/6). What is the highest common divisor of 1 and x?
1
Let q = 358 + -323. Let h be (-6)/9*42/q*-5. What is the highest common divisor of 32 and h?
4
Let k(b) = 13*b**2 - 4*b + 7. Let j be k(-5). Let a(i) = i**3 + 56*i**2 - 135*i - 1091. Let v be a(-58). What is the highest common factor of j and v?
11
Let n = -4613 - -5166. Calculate the greatest common factor of 14 and n.
7
Suppose 2*g = -11*g + 936. Suppose 8*q - 6*q - g = 0. Suppose 0 = 2*l + 2*i - 12, 0 = 2*l - 6*i + 4*i - 24. Calculate the highest common divisor of q and l.
9
Let q(u) = -2*u**3 - 7*u**2 + 9*u + 9. Suppose 0 = -r + 3*f, 5*r + 5*f - 7*f = -26. Let n be q(r). Calculate the greatest common divisor of 5 and n.
5
Let y = 8878 - 8275. Calculate the greatest common factor of y and 9.
9
Suppose -1118*k = -1106*k - 1152. Suppose -209 = -2*p + 3*h + 16, -5*p = h - 605. What is the greatest common divisor of k and p?
24
Let m(l) = 33*l**2 + 19*l + 57. Let a be m(-3). What is the greatest common divisor of 132 and a?
33
Let b(m) = 7*m**2 - 51*m - 65. Let y be b(20). What is the highest common factor of 35 and y?
35
Suppose -5*q + 3*o + 6 - 21 = 0, -6 = 2*q - o. Let x(m) = -m**3 - m**2 + 12. Let i be x(q). What is the highest common divisor of 240 and i?
30
Let z = -141 + 204. Calculate the highest common divisor of 525 and z.
21
Suppose -3*v - 2157 + 159 = 0. Let g = v - -875. Calculate the highest common factor of g and 11.
11
Let k be (-204)/21*-7 + 24. Calculate the greatest common factor of 27922 and k.
46
Let l be ((-127750)/28 + 2/(-4))*2/(-3). Calculate the greatest common factor of 156 and l.
78
Let a be (-2)/4 + (-254)/(-4). Let c(f) = -1377*f - 99039. Let w be c(-72). What is the greatest common factor of a and w?
21
Suppose 4*n + 15 = u - n, 0 = 3*u + n - 29. Let k(b) = 23*b + 82. Let c be k(-17). Let y = c - -310. What is the greatest common divisor of u and y?
1
Let i = 95 - 99. Let n = i - -19. Let b be (n/6)/(2/12). What is the highest common divisor of b and 105?
15
Let t = -250 + 170. Let n be 6 + (-160)/26 + t/(-13). Let b be 4/(-6)*(-1 - 17). What is the greatest common divisor of b and n?
6
Suppose -1612 = -37*v + 68*v. Let s be ((-160)/80)/(2/v). Calculate the highest common divisor of s and 6.
2
Let s be (-4275)/(-27) - 80/(-30). Calculate the greatest common factor of s and 7.
7
Suppose -3*q - 2*z + 552 = -2*q, 6 = -2*z. Let s = 2589 + -2571. What is the highest common divisor of s and q?
18
Let d(i) = 252*i - 16. Let w be d(8). Suppose 15*c + w = 25*c. Suppose 0 = -2*q + c. What is the highest common factor of q and 20?
20
Let z(r) = -r**2 - 18*r + 11. Let i be z(-18). Suppose -w - 10 = -i. What is the greatest common divisor of w and 13?
1
Let q(z) = -z**2 + 6*z + 30. Let n be q(9). Suppose -4*g + 403 - 77 = n*k, -3*k = -6. What is the greatest common divisor of 100 and g?
20
Let c(i) = 2*i**3 - 4*i**2 + i + 4. Let x be c(3). Let o be (-93)/(-558) - (-118)/12. What is the greatest common factor of o and x?
5
Let b(f) = -f**3 - 11*f + 6*f**2 + 2*f**2 + 0*f**3 + 2. Suppose -3*s + 101 = 10*s + 23. Let i be b(s). Calculate the greatest common factor of 20 and i.
4
Suppose 5536 = -35*b + 39*b. Let j be (-64)/24 + 2 - b/(-6). Calculate the greatest common factor of j and 46.
46
Let a(c) = 3*c**3 - 29*c**2 - 19*c + 169. Let d be a(11). What is the greatest common divisor of 984 and d?
12
Let q = -135 + 137. Suppose -5*n + 4*a + 64 = 0, -7*n + q*n - a + 84 = 0. Let x = 51 + 93. Calculate the greatest common factor of x and n.
16
Let k(w) = -2*w**2 - 38*w - 156. Let d be k(-7). Calculate the greatest common divisor of d and 474.
6
Let m(n) = 1737*n + 46. Let s be m(2). Suppose f + 21*f = s. What is the greatest common factor of f and 10?
10
Let w be 4*3/6 - -58. Let u(q) = -7*q + 108. Let f be u(15). Suppose -k = f*r, -3*k + 4*r = -15 - 50. Calculate the greatest common factor of w and k.
15
Let s = -5899 - -5903. Calculate the highest common factor of 4140 and s.
4
Let b(h) = -9*h. Let v be b(3). Let r = v + 27. Suppose -4*o - 5 = 11, r = 5*w + o - 166. What is the greatest common divisor of 51 and w?
17
Let x(b) = -4*b**3 - 3*b**2 - 3*b - 5. Let p be (-2)/(-12) + (-299)/138. Let n be x(p). Suppose 3*v - 6 = n. What is the highest common factor of v and 1?
1
Let a be 59/(3 + (-21)/6). Let k be (a/(-4) - -1)*2. Suppose -t - l + 24 = 0, -3*t + 11 = -4*l - k. Calculate the greatest common divisor of t and 36.
12
Let u(v) be the first derivative of -v**4/4 + 3*v**3 - v**2/2 + 20*v + 16. Suppose -3 - 6 = -l. Let h be u(l). What is the highest common divisor of h and 88?
11
Suppose 0 = 2*v + 2*w, 4 = 4*v - 0*w + 3*w. Suppose -3*g = v*i + 212, 3*i + 203 = -g + 49. Let m = i - -77. What is the highest common divisor of m and 9?
9
Suppose 3*b = -2*b + 40. Let t be 244 + -247 + 48 + -5. Calculate the highest common divisor of t and b.
8
Suppose -13*q - 6*q + 15368 = -9104. What is the greatest common divisor of 84 and q?
28
Suppose -303 = 4*h - 7*h. Suppose -a + 4*g = -99, 3*a - 337 = 2*g - 40. Let q = h - a. Calculate the highest common divisor of q and 24.
2
Let j = 33468 - 27631. What is the highest common divisor of 13 and j?
13
Let r be (-11 - 0)*(-43)/(((-40)/(-15))/8). What is the highest common factor of 1161 and r?
129
Let g be ((-594)/(-21) - 12/42) + 0. Suppose -3*h - 2*f - f = -69, 5*h + 3*f = 125. What is the greatest common divisor of g and h?
28
Let r(k) = -94*k**3 - k**2 + 15*k + 17. Let l be r(-1). Suppose 117 + 54 = x. What is the greatest common factor of x and l?
19
Let l = -105 + 151. Let c = -206 - -210. Suppose 5*v + g = 349, 0 = -c*v + 3*g + 92 + 172. What is the greatest common factor of l and v?
23
Suppose 7 - 2 = v. Suppose 3*l = 5*w - 23, -48*l - 4 = -44*l. Calculate the highest common factor of v and w.
1
Let d(p) = -p**3 + 9*p**2 + 13*p - 23. Let i be d(10). Suppose 49 + 21 = i*q. Suppose -q*t = -3*t - 273. Calculate the highest common factor of 13 and t.
13
Suppose p + 0*p = 137. Let h = -114 + p. What is the greatest common divisor of 368 and h?
23
Let i be ((-69)/(-2))/(681/908). What is the greatest common factor of 7774 and i?
46
Let t be (-15)/21 + (-246)/(-1148) - 6645/(-2). What is the greatest common divisor of t and 88?
22
Let h = -224 + 7. Let g = -169 - h. Calculate the greatest common factor of g and 36.
12
Let l be -41 + (-4 - (4 - 18/3)). Let a = l - -52. Let w be (18/6)/3 - a/(-1). Calculate the highest common divisor of w and 170.
10
Let v = -5625 + 5658. What is the greatest common factor of 825 and v?
33
Let z(t) = 5*t**2 + 7*t + 41. Let s be z(-5). Let k = -51 + s. Let i(f) = f**2 - 4*f + 8. Let b be i(6). Calculate the greatest common factor of b and k.
20
Let r be 299*((-1)/(-3) + 48/72). Calculate the highest common factor of r and 221.
13
Let a(l) = -l**3 - 22*l**2 - 21*l + 2. Let q be a(-21). Suppose j = 2*d + 2*d - 1249, -1250 = -4*d + q*j. What is the highest common divisor of d and 39?
39
Let n = 6073 + -1123. What is the greatest common divisor of n and 90?
90
Let m(r) = 412*r + 2479. Let q be m(33). What is the greatest common factor of q and 25?
25
Let q be (127 - 9) + -6 + 1 + 1 - -6. What is the greatest common divisor of 110 and q?
10
Suppose -2*o - 10 = -12. Let y be (-4)/1*((-6)/o + 1). What is the highest common divisor of 180 and y?
20
Let k = 3 - -45. Let n be (-3)/3 + k + 17. What is the highest common factor of n and 16?
16
Let z be (0/1)/((34 + 2)/(-9)). Suppose -5*v + 109 + 566 = z. Let l be -12 - -13 - -1*26. Calculate the highest common factor of v and l.
27
Let j be (-4)/2